- 3 = -4*c + 2. Calculate the remainder when 14 is divided by (d + 6)/(2/(-8)).
2
Let j(i) = -i + 1. Suppose 4*b + 4*u - 3 = 13, -3*b + 17 = 4*u. What is the remainder when 5 is divided by j(b)?
1
Suppose 2*y = 1 + 7. Suppose -5*o + 74 = 2*v, -o + y = 7*v - 3*v. Let u(g) = 10*g - 4. What is the remainder when u(5) is divided by o?
14
Suppose 0 = -n + 5. What is the remainder when 12 is divided by n?
2
What is the remainder when 27 is divided by -2 + -4 + (9 - -4)?
6
Let m = -23 + -4. Let k be (-1)/(2/(-184)*2). Let j = k + m. Calculate the remainder when j is divided by 7.
5
Suppose -132 = 5*o + a - 1061, -5*o - 2*a = -933. Suppose 2*n - o = -3*n. What is the remainder when n is divided by 13?
11
Let k(u) = -2*u**2 - 17*u + 2. Let o(b) = b**3 - b + 51. Let g be o(0). Let a = -14 + g. What is the remainder when a is divided by k(-8)?
7
Let f(r) = -7*r**2 + 5*r - 55. Let y(s) = -s**2 + s - 1. Let i(c) = -f(c) + 6*y(c). Let l be (0/1)/(1 - 3). What is the remainder when i(l) is divided by 17?
15
Let o(r) = r**2 - 13*r + 13. Let f be o(11). Calculate the remainder when (-282)/f - (-2)/(-6) is divided by 8.
7
Let p(s) = s + 5. Suppose -y = 4*y - 60. Suppose 0 = 2*w - 2*c - 16, -3*c + 1 = -2*c. What is the remainder when p(y) is divided by w?
8
Suppose -6*t + 4*t = -52. What is the remainder when t is divided by 9?
8
Let i(c) = c**2 + 3*c - 2. What is the remainder when i(-4) is divided by 1?
0
Let t(s) = 2*s + 41. Calculate the remainder when 45 is divided by t(-9).
22
Let p(w) = w**3 + 20. What is the remainder when p(0) is divided by 7?
6
Suppose 3*u - 4*l = 106, -l = 3*u - 129 - 2. Suppose -x + 12 = -4*x, 3*g - 2 = -4*x. Let b(w) = 5*w - 8. Calculate the remainder when u is divided by b(g).
20
Suppose 3*q - 5*q = 5*o - 200, 2*o = -4*q + 368. What is the remainder when 29 is divided by 12/18*q/4?
14
Let q(j) = 7*j - 6. Calculate the remainder when 22 is divided by q(2).
6
Suppose 5*s - 17 - 23 = -5*j, -4*j - s + 17 = 0. Let f = 15 - 12. What is the remainder when f is divided by j?
0
Let c be 6/(-10) - (-141)/(-15). Let j(t) = 2*t**3 - 3*t**2 - 3*t - 1. What is the remainder when (35/c)/((-2)/28) is divided by j(3)?
15
Let q(k) = k**2 - k + 18. Let f = 155 + -102. What is the remainder when f is divided by q(0)?
17
Let i = 16 - 5. Suppose f - w = 13, -i = 5*w + 14. Calculate the remainder when (6/1)/(-1)*10/(-4) is divided by f.
7
Suppose 3*m + 6*y - 36 = 3*y, 2*m = 4*y. Calculate the remainder when 37 is divided by m.
5
Calculate the remainder when (18/(-4))/((-3)/30) is divided by 23.
22
Suppose 0 = 3*b + 2*b - 45. Calculate the remainder when 43 is divided by b.
7
Suppose 9 = 5*y - g - 6, 0 = 4*y + 2*g + 2. Calculate the remainder when (3/(-6))/(y/(-24)) is divided by 2.
0
Let p be (1 - 3)*4/(-8). Let s = 11 - p. What is the remainder when 20/30 - 104/(-6) is divided by s?
8
Let p(y) = 8*y**2 - 3*y + 4. Calculate the remainder when p(3) is divided by 23.
21
Let m(l) = 7*l - 30. Calculate the remainder when m(12) is divided by 11.
10
Let k(s) = -77*s**3 + 2*s**2 - 1. Let o be k(-1). Let h be 3*-18 + (-1)/(-1). Let u = h + o. Calculate the remainder when u is divided by 9.
7
Suppose 0 = 3*q - 62 - 31. Let l = -25 - -40. Let g = 1 + l. Calculate the remainder when q is divided by g.
15
Suppose -5*c + q = -21, q + 4 = -3*q. Suppose 0*z + c*z + 40 = 4*t, -t - 3*z + 18 = 0. What is the remainder when 34 is divided by t?
10
Let x = 1 - 1. What is the remainder when 13/((x - 1)/(-3)) is divided by 14?
11
Let m(i) = i**2 - 15*i - 8. Let n be m(11). Let d = 105 + n. What is the remainder when d is divided by 14?
11
Let g(o) = o**3 - 15*o**2 + 13*o + 17. Let m be g(14). What is the remainder when ((-17)/m)/(2/(-6)) is divided by 9?
8
Suppose -3*q + 36 = 4*b, 5*q + b = -0*q + 43. Suppose -m = -4 + 1. Calculate the remainder when q is divided by m.
2
Suppose -2*f = f + 21. Suppose 3*v = -135 + 9. What is the remainder when 28 is divided by v/(-4) + f/14?
8
Let j(f) = -6*f - 1. Let n be j(-3). Suppose 5*x = 3*a + 42, a + n - 1 = 2*x. Let s = 20 + -10. Calculate the remainder when s is divided by x.
4
Let h(i) = -i**3 - 4*i**2 - 4*i + 1. Calculate the remainder when 16 is divided by h(-3).
0
Let x(d) = -9*d - 16. What is the remainder when x(-9) is divided by 11?
10
Suppose 2 = 3*v - 13. Suppose 0*f + 9 = 3*f, -249 = -v*z - 3*f. Calculate the remainder when z is divided by 17.
14
Let a = 11 - 7. Suppose 3*j = a*c + c - 408, 1 = -j. What is the remainder when c is divided by 21?
18
Let p = -3 + 4. Let g(k) = -k + 10. Let v be g(6). Suppose 5*q + 11 = -4*x - 0*q, 9 = -3*x - v*q. What is the remainder when x is divided by p?
0
Let a(x) = 2*x**2 + x. Let l(z) = -z**2 - z - 1. Let g(j) = a(j) + l(j). What is the remainder when 5 is divided by g(-2)?
2
Let d(h) = h**3 - 6*h**2 - 5*h - 4. Let i be d(7). Suppose -2*q - 4 = -p, 2*p - i = 5*q - 2*p. Calculate the remainder when (4/6)/(q/(-78)) is divided by 9.
8
Let y = -25 - -42. Calculate the remainder when y is divided by 9.
8
Let z be 1*(-1)/(-2)*0. Suppose z*t = -t + 35. Calculate the remainder when t is divided by 18.
17
Suppose -b + c = 0, -6*b - 28 = -3*b + 4*c. Calculate the remainder when 26 is divided by 10 - (1 - 4 - b).
8
Suppose -30 = 5*m - 3*m. Let v = m + 9. Calculate the remainder when (94/v)/((-1)/3) is divided by 16.
15
Let v = -44 - -64. Calculate the remainder when 96 is divided by v.
16
Let a be 1/(-7) - 204/42. Suppose -5*d + 39 = 3*s - 0*s, 4*s + 3*d - 52 = 0. Calculate the remainder when 236/10 + (-2)/a is divided by s.
11
Calculate the remainder when (15/(-2))/((-9)/12) is divided by 4.
2
Let y = 59 - 37. What is the remainder when 84 is divided by y?
18
Let s = 104 - 29. Suppose 4*z = -27 + s. Suppose m - z = -0*m. Calculate the remainder when m is divided by 7.
5
Calculate the remainder when 0 + 3228/33 - 4/(-22) is divided by 25.
23
Let w(u) = -4*u - 15. Calculate the remainder when w(-9) is divided by 6.
3
Suppose -4*s + 23*s - 133 = 0. Calculate the remainder when 44/(-6)*(-9)/6 is divided by s.
4
Let w(r) = r**2 + 6*r - 9. Let z be (-62)/8 + (-1)/4. Calculate the remainder when 18 is divided by w(z).
4
Suppose -2*q + 2 = -2. Suppose 2*z + 4*z = 6. Calculate the remainder when q is divided by z.
0
Suppose 4*n + 4*a = 2*a + 62, -n - a = -13. Calculate the remainder when 60 is divided by n.
6
Let v = -27 - -13. Let d = v + 46. Suppose 30 - 74 = -4*y. What is the remainder when d is divided by y?
10
Let r(c) = c + 7. Let a be r(-7). Suppose a = -0*g - g + 22. Let v = 10 - 2. What is the remainder when g is divided by v?
6
Suppose 35 = 4*m + m. Suppose -3*p = -7*p. Suppose -x + 4*x = p, 3*x + 15 = 5*k. What is the remainder when m is divided by k?
1
Suppose 2*g - 2*s = 2*s + 8, 3*g + 2*s - 20 = 0. Suppose -4*a = a - 15. Suppose 16 = x + a*x. Calculate the remainder when g is divided by x.
2
Let r = -9 + 14. Calculate the remainder when r is divided by (-2 - (-1 - -1)) + 4.
1
What is the remainder when 6*5/(-10) - -17 is divided by 8?
6
Suppose 0 = 4*d + 2*p + p + 291, 0 = -2*p + 6. Let m = 105 + d. Calculate the remainder when m is divided by 16.
14
Suppose 4*k = -k. Suppose -2*z + 7*z - 150 = k. Suppose t = 6*t - z. What is the remainder when 16 is divided by t?
4
Suppose -7 = -g - 4*c + 5, 3*g = -5*c + 71. What is the remainder when 159 is divided by g?
31
Let w = -42 - -190. Calculate the remainder when 45 is divided by w/12 - (-3)/(-9).
9
Suppose 6*r - r = -4*v + 557, -r - 5*v + 124 = 0. What is the remainder when r is divided by 14?
11
Suppose 0 = 2*s + 5*y - 39, -s + 148 = 3*s - 4*y. Let v = s + -20. Calculate the remainder when 255/(-6)*(-4)/5 is divided by v.
10
Suppose 129 + 44 = 5*i + 3*u, 5*u = 3*i - 97. Suppose -3*t + 55 - 1 = 0. Calculate the remainder when i is divided by t.
16
Let f(m) = -m**2 + 8*m + 17. What is the remainder when 31 is divided by f(8)?
14
Suppose -21*v = v - 594. Calculate the remainder when 78 is divided by v.
24
Suppose 0 = -3*y + 2*y + 84. Suppose c - 12 = -t, 0 = -2*c + 7*c - 3*t - y. Calculate the remainder when 27 is divided by c.
12
Suppose 2*c = 7*c - 10. Let l be 25/2 - 3/6. Suppose 0*u = 3*u - l. Calculate the remainder when u is divided by c.
0
Suppose -5*t - y = -8, 4 = 5*t + y + 2*y. What is the remainder when (t + -18)*3/(-3) is divided by